mon divisor of d and 6?
6
Let m be (-4058)/(-10) - 1/(-5). Suppose 5*g = -5*a + m - 26, 3*g + 60 = a. Calculate the greatest common factor of 18 and a.
18
Suppose -3*y = y - 12. Suppose -4*o + 3*a + 54 = -54, 0 = -o - 2*a + 16. Calculate the highest common divisor of o and y.
3
Suppose m + 0*m = -3, -813 = -3*t + m. Calculate the greatest common factor of t and 10.
10
Let p(l) = 12*l**2 - 3*l + 2. Let g be p(2). Calculate the highest common divisor of g and 33.
11
Let v(s) = s**3 + 13*s**2 - 14*s + 8. Let q be v(-14). What is the highest common divisor of q and 40?
8
Suppose 2*u - 15 = -3*u. Suppose -u*f + 16 = f. What is the greatest common divisor of 32 and f?
4
Suppose 0 = 4*h + 16, -h - 38 = -0*q - q. Calculate the greatest common factor of 51 and q.
17
Suppose -g - 5*l + 1 = -54, 4*g - 3*l - 289 = 0. Calculate the highest common factor of 10 and g.
10
Let w = 558 + -393. What is the greatest common factor of 15 and w?
15
Let p be ((-22)/(-55))/((-1)/(-180)). Calculate the highest common divisor of p and 24.
24
Let n be 3/((-1)/(0 - 1)). Suppose 285 = 3*h - n*i, -3*i + 2*i = -2*h + 191. What is the greatest common factor of h and 12?
12
Let r(c) = -c**2 + 9*c - 6. Let y be r(8). Suppose 0 = 4*q - y*q - 270. Calculate the highest common factor of q and 15.
15
Suppose -4*v + 5*u - 4*u + 17 = 0, 0 = 5*v + 3*u - 34. Let s = 7 - v. What is the greatest common divisor of 3 and s?
1
Let v be 2032/48 + 2/(-6). Calculate the greatest common divisor of 7 and v.
7
Let u = -21 + 51. What is the greatest common factor of u and 15?
15
Suppose -9*t - 135 = -10*t. Calculate the highest common divisor of t and 15.
15
Suppose -2*a + 0*a = -44. What is the greatest common divisor of 88 and a?
22
Let l(x) = x**3 + 11*x**2 - 3*x - 8. Let p be l(-11). Let b = -16 + p. What is the highest common divisor of 27 and b?
9
Let q = -7 - -13. Suppose -q = 5*h - 46. Calculate the highest common factor of h and 64.
8
Let h(d) = 4 + 2 - 4 - 7*d - 4. Let m be h(-6). Calculate the highest common divisor of 10 and m.
10
Let v(p) = p**2 - p - 13. Let j be v(-4). Let x = j + -1. What is the highest common divisor of 15 and x?
3
Suppose -41 = -2*h + t, 0 = -5*h + 4*t + 20 + 84. Let w = -1 - -8. Let u(z) = 2*z - 10. Let d be u(w). Calculate the highest common factor of h and d.
4
Let u = 9 + -17. Let r(y) = -y**3 + 4*y**2 + 3*y - 3. Let m be r(4). Let l be (24/m)/(u/(-12)). Calculate the highest common divisor of 12 and l.
4
Let s be 1*-2 - -1*14. Let q = 98 - -34. What is the highest common factor of s and q?
12
Let s(q) = -q - 5. Let i be s(-5). Suppose c - 5*c = -2*d - 22, 2*c - 5*d - 31 = i. Calculate the highest common divisor of c and 21.
3
Let a(w) = -2*w - 4*w - 16*w. Let q be a(-3). Suppose -5*n = -4*n - 11. Calculate the greatest common factor of q and n.
11
Suppose 122 = 5*d + c, 2*d = -0*d + 3*c + 42. What is the greatest common divisor of d and 16?
8
Suppose -k - 2*r = -2*k + 138, -4*r = -4. What is the highest common divisor of k and 35?
35
Let k(x) be the second derivative of x**5/10 + x**3/6 - x**2 - 5*x. Let i be k(3). Suppose -15 = -5*d + 2*d. What is the greatest common factor of d and i?
5
Let b be 4 + 0 + -1 - -1. Let f = 165 + -163. Calculate the highest common factor of b and f.
2
Let t = 146 + -74. Suppose -3*o = -o. Suppose -2*d - 2*f = -26, o*f + f = 3*d - 23. What is the greatest common divisor of d and t?
9
Suppose 0 = -21*o + 704 + 1648. Let y be (1 - 33)/(0 - 1). Let x be (2/4)/(1/y). What is the greatest common factor of x and o?
16
Suppose -30 = 12*h - 14*h. Let y be 10/h + 16/3. Calculate the greatest common divisor of 66 and y.
6
Let c(n) = n**3 + n**2 + 2*n - 3. Let x be c(2). Suppose -7*b - 1820 = -27*b. Calculate the highest common factor of b and x.
13
Let i = 106 + -58. Calculate the greatest common factor of 32 and i.
16
Suppose -x = 4*k - 16, -k + 4*x + 12 = 2*k. Calculate the highest common factor of 4 and k.
4
Let l = -10 - -14. Calculate the greatest common divisor of 2 and l.
2
Let p(l) = 2*l**2 + 22*l + 2. Let h be p(-12). Calculate the highest common divisor of 91 and h.
13
Suppose 4*m - 16 = 8. Suppose -5*y = -2*y - m. What is the highest common factor of y and 3?
1
Suppose 4*n - 4 = -0*n. Let c(s) = -1 - n - 22*s + 0. Let i be c(-2). What is the highest common divisor of 28 and i?
14
Suppose 5*b - 54 = 6. Suppose -121 = -4*f + 5*m, -3*f - 43 = -5*f - m. What is the greatest common divisor of f and b?
12
Let s(y) = y**2 - 10*y + 9. Let m be s(9). Suppose m = 5*b + 4*p - 39, 2*p + 15 = 2*b + 3*p. What is the greatest common divisor of b and 14?
7
Let o = 15 + 33. Calculate the highest common factor of o and 8.
8
Let v(q) = -q**2 + 9*q. Let j be v(8). Calculate the greatest common factor of j and 1.
1
Let a be (-23)/3*(-21)/7. What is the greatest common factor of 184 and a?
23
Let u(w) = w**2 + 3*w - 8. Let r be u(-6). Let l be (-4)/(-18) + 2652/(-27). Let t = -68 - l. Calculate the greatest common divisor of r and t.
10
Let z be (3/4 - 0) + 19628/112. What is the highest common factor of 44 and z?
44
Let m(i) = -i - 4. Let y be m(-4). Suppose y*k + 60 = 2*k. Calculate the highest common factor of k and 75.
15
Suppose w - 2 = -0. Suppose 4*j = 28 + 36. Let l be (-7)/w*j/(-28). Calculate the highest common factor of 4 and l.
2
Let c = -54 + 66. Calculate the greatest common divisor of 12 and c.
12
Suppose -n + 696 = 5*v, -4*n = v - 6*v + 691. Suppose -3*i - c + v = 0, -2*c + 3*c - 4 = 0. Calculate the greatest common factor of 15 and i.
15
Let t be (-1 - 11/2)*-4. Let l be (1 - 28/8)*-26. Calculate the highest common factor of t and l.
13
Let s(z) = -z + 5. Let o be s(0). Suppose o*f - 48 = f. What is the greatest common factor of 3 and f?
3
Let m be (0 + -1)/(2/(-52)). Suppose 3*j - 25 = m. What is the highest common factor of j and 17?
17
Let u(o) = o - 1. Let p be u(7). Let m be (-2)/((-2)/4*2). Suppose -p - 8 = -4*r + g, -g = -m. Calculate the highest common factor of r and 28.
4
Let c(t) = 3*t - 4*t + 26 - 2. Suppose -10*u = -5*u. Let r be c(u). What is the highest common divisor of 3 and r?
3
Let w = -16 + 30. Calculate the greatest common factor of 70 and w.
14
Suppose -4*b + 12 = 2*b. What is the highest common factor of b and 34?
2
Let l(n) = n**2 + n + 35. Let x be l(0). Calculate the greatest common divisor of x and 5.
5
Suppose 2*t - 4*l = -8*l + 28, -2 = 2*t - 2*l. Suppose u = -t*u. Let n = 2 - u. Calculate the greatest common factor of 5 and n.
1
Let u(b) = -b + 3. Let p(t) = -7*t**2 + 1. Let k be p(1). Let l be u(k). What is the greatest common divisor of l and 27?
9
Let p = -15 + 19. Calculate the greatest common factor of p and 1.
1
Let p(k) = k - 3. Let u be p(11). Suppose 74 = i + u. What is the greatest common divisor of 6 and i?
6
Let p(l) = 2*l + 20. Let w be p(-6). What is the highest common divisor of w and 72?
8
Let c(q) = -q**3 - 3*q**2 - 2*q - 2. Let w be c(-2). Let h be (w/(-6))/(2/(-6)). Let m be (14/6)/(h/(-3)). Calculate the greatest common divisor of 7 and m.
7
Let m(q) = q**2 + 6*q - 12. Let y be m(-8). What is the greatest common factor of y and 44?
4
Let g = 51 + -31. Suppose 124 + g = 3*v. Let n(z) = z + 12. Let u be n(0). Calculate the greatest common factor of u and v.
12
Let d be ((-15)/(-2))/(27/36). Let y be -5*(2 - 28/10). Suppose c = 5*l + 7, -3*c + y*c = 4*l + d. Calculate the greatest common factor of c and 2.
2
Let c(s) = s + 2. Let h be c(14). What is the greatest common factor of 48 and h?
16
Let j(c) = -c**2 + 14*c - 5. Let v be j(11). Calculate the greatest common factor of v and 7.
7
Let q(w) = 91*w**2. Suppose 5*l - 2*l - 9 = 3*o, -l = -4*o - 6. Let i be q(o). What is the highest common divisor of 13 and i?
13
Let o be 78/(-4)*(-24)/36. Suppose 0 = 4*t - 77 + o. Calculate the greatest common factor of t and 160.
16
Let j = -26 + 30. Calculate the greatest common factor of 32 and j.
4
Let f(i) = -i**3 - 8*i + i + 11 + 4*i**2 - 2*i - 14*i**2. Let z be f(-9). Calculate the highest common factor of z and 22.
11
Let f be ((-5)/4)/((-7)/532). Calculate the greatest common divisor of f and 19.
19
Let f = -182 - -350. Calculate the highest common factor of 21 and f.
21
Let v = 14 + 26. What is the greatest common factor of v and 16?
8
Let h be -2*(-12)/(-2)*(-4)/8. Calculate the highes